{"id":39,"date":"2016-12-02T08:56:42","date_gmt":"2016-12-02T07:56:42","guid":{"rendered":"http:\/\/www.apadepilepsia.es\/?page_id=39"},"modified":"2021-01-25T19:23:49","modified_gmt":"2021-01-25T18:23:49","slug":"sociedad","status":"publish","type":"page","link":"https:\/\/www.apadepilepsia.es\/index.php\/sociedad\/","title":{"rendered":"LA SOCIEDAD"},"content":{"rendered":"<p><img loading=\"lazy\" class=\"size-medium wp-image-54 alignright\" src=\"https:\/\/www.apadepilepsia.es\/wp-content\/uploads\/2016\/12\/gente_caminando-300x197.jpg\" alt=\"gente_caminando\" width=\"300\" height=\"197\" srcset=\"https:\/\/www.apadepilepsia.es\/wp-content\/uploads\/2016\/12\/gente_caminando-300x197.jpg 300w, https:\/\/www.apadepilepsia.es\/wp-content\/uploads\/2016\/12\/gente_caminando.jpg 400w\" sizes=\"(max-width: 300px) 100vw, 300px\" \/>La persona adolescente que padece epilepsia suele \u00abesconder\u00bb su enfermedad.<\/p>\n<p>Algunos de los motivos principales de esta reacci\u00f3n es la incomprensi\u00f3n que padecen por la postura de la Sociedad. Les tienen miedo, piensan que son agresivos, que no son personas normales etc\u2026<\/p>\n<p>El resultado es su propio aislamiento, no saliendo de la oscuridad.<\/p>\n<p>Cierto es, que cada vez va siendo m\u00e1s alto el porcentaje de los j\u00f3venes que est\u00e1n dispuestos a luchar por \u00absu espacio\u00bb en la Sociedad.<\/p>\n","protected":false},"excerpt":{"rendered":"<p>La persona adolescente que padece epilepsia suele \u00abesconder\u00bb su enfermedad. Algunos de los motivos principales de esta reacci\u00f3n es la incomprensi\u00f3n que padecen por la postura de la Sociedad. Les tienen miedo, piensan que son agresivos, que no son personas normales etc\u2026 El resultado es su propio aislamiento, no saliendo &hellip;<\/p>\n","protected":false},"author":1,"featured_media":0,"parent":0,"menu_order":0,"comment_status":"closed","ping_status":"closed","template":"","meta":[],"_links":{"self":[{"href":"https:\/\/www.apadepilepsia.es\/index.php\/wp-json\/wp\/v2\/pages\/39"}],"collection":[{"href":"https:\/\/www.apadepilepsia.es\/index.php\/wp-json\/wp\/v2\/pages"}],"about":[{"href":"https:\/\/www.apadepilepsia.es\/index.php\/wp-json\/wp\/v2\/types\/page"}],"author":[{"embeddable":true,"href":"https:\/\/www.apadepilepsia.es\/index.php\/wp-json\/wp\/v2\/users\/1"}],"replies":[{"embeddable":true,"href":"https:\/\/www.apadepilepsia.es\/index.php\/wp-json\/wp\/v2\/comments?post=39"}],"version-history":[{"count":4,"href":"https:\/\/www.apadepilepsia.es\/index.php\/wp-json\/wp\/v2\/pages\/39\/revisions"}],"predecessor-version":[{"id":456,"href":"https:\/\/www.apadepilepsia.es\/index.php\/wp-json\/wp\/v2\/pages\/39\/revisions\/456"}],"wp:attachment":[{"href":"https:\/\/www.apadepilepsia.es\/index.php\/wp-json\/wp\/v2\/media?parent=39"}],"curies":[{"name":"wp","href":"https:\/\/api.w.org\/{rel}","templated":true}]}}

<p><img loading="lazy" class="size-medium wp-image-54 alignright" src="https://www.apadepilepsia.es/wp-content/uploads/2016/12/gente_caminando-300x197.jpg" alt="gente_caminando" width="300" height="197" srcset="https://www.apadepilepsia.es/wp-content/uploads/2016/12/gente_caminando-300x197.jpg 300w, https://www.apadepilepsia.es/wp-content/uploads/2016/12/gente_caminando.jpg 400w" sizes="(max-width: 300px) 100vw, 300px" />La persona adolescente que padece epilepsia suele «esconder» su enfermedad.</p>
<p>Algunos de los motivos principales de esta reacción es la incomprensión que padecen por la postura de la Sociedad. Les tienen miedo, piensan que son agresivos, que no son personas normales etc…</p>
<p>El resultado es su propio aislamiento, no saliendo de la oscuridad.</p>
<p>Cierto es, que cada vez va siendo más alto el porcentaje de los jóvenes que están dispuestos a luchar por «su espacio» en la Sociedad.</p>

<p>La persona adolescente que padece epilepsia suele «esconder» su enfermedad. Algunos de los motivos principales de esta reacción es la incomprensión que padecen por la postura de la Sociedad. Les tienen miedo, piensan que son agresivos, que no son personas normales etc… El resultado es su propio aislamiento, no saliendo &hellip;</p>
