{"id":2,"date":"2016-12-01T07:47:52","date_gmt":"2016-12-01T07:47:52","guid":{"rendered":"http:\/\/www.apadepilepsia.es\/?page_id=2"},"modified":"2021-02-09T21:40:19","modified_gmt":"2021-02-09T20:40:19","slug":"pagina-ejemplo","status":"publish","type":"page","link":"https:\/\/www.apadepilepsia.es\/","title":{"rendered":"EPILEPSIA: una enfermedad neurol\u00f3gica"},"content":{"rendered":"\n<figure class=\"wp-block-video aligncenter\"><video autoplay controls src=\"https:\/\/www.apadepilepsia.es\/wp-content\/uploads\/2021\/02\/video-atmad.mp4\"><\/video><figcaption>Deporte y Epilepsia<\/figcaption><\/figure>\n\n\n<p><strong>\u00a0<\/strong>La epilepsia es una enfermedad neurol\u00f3gica que puede afectar a personas de cualquier edad, sexo, raza, clase social o pa\u00eds. Una de cada cien personas padece epilepsia.<\/p>\n<p><img loading=\"lazy\" class=\"alignleft wp-image-64 size-full\" src=\"https:\/\/www.apadepilepsia.es\/wp-content\/uploads\/2016\/12\/img_info.png\" alt=\"Informaci\u00f3n, la mejor arma contra la Epilepsia\" width=\"196\" height=\"108\" \/>Seg\u00fan las estad\u00edsticas se calcula que en Espa\u00f1a hay 400.000 personas que padecen epilepsia, en la actualidad.<\/p>\n<p>Cada a\u00f1o 20.000 personas desarrollan la enfermedad por primera vez. En el mundo se estima que 50 millones de personas padecen epilepsia.<\/p>\n<p>Los ni\u00f1os y las personas mayores son los que tienen mayor riesgo de padecer la enfermedad. Mucha gente piensa en la epilepsia como una enfermedad exclusivamente de ni\u00f1os y j\u00f3venes, pero no es as\u00ed.<\/p>\n<p>La epilepsia es una enfermedad frecuente en las personas mayores y, seg\u00fan las estad\u00edsticas 15 de cada 1000 personas mayores de 75 a\u00f1os sufren epilepsia. La falta de conocimientos sobre la enfermedad ocasiona que muchos pacientes con epilepsia sufran discriminaci\u00f3n y estigma social.<\/p>\n<hr \/>","protected":false},"excerpt":{"rendered":"<p>\u00a0La epilepsia es una enfermedad neurol\u00f3gica que puede afectar a personas de cualquier edad, sexo, raza, clase social o pa\u00eds. Una de cada cien personas padece epilepsia. Seg\u00fan las estad\u00edsticas se calcula que en Espa\u00f1a hay 400.000 personas que padecen epilepsia, en la actualidad. Cada a\u00f1o 20.000 personas desarrollan la &hellip;<\/p>\n","protected":false},"author":1,"featured_media":0,"parent":0,"menu_order":0,"comment_status":"closed","ping_status":"open","template":"","meta":[],"_links":{"self":[{"href":"https:\/\/www.apadepilepsia.es\/index.php\/wp-json\/wp\/v2\/pages\/2"}],"collection":[{"href":"https:\/\/www.apadepilepsia.es\/index.php\/wp-json\/wp\/v2\/pages"}],"about":[{"href":"https:\/\/www.apadepilepsia.es\/index.php\/wp-json\/wp\/v2\/types\/page"}],"author":[{"embeddable":true,"href":"https:\/\/www.apadepilepsia.es\/index.php\/wp-json\/wp\/v2\/users\/1"}],"replies":[{"embeddable":true,"href":"https:\/\/www.apadepilepsia.es\/index.php\/wp-json\/wp\/v2\/comments?post=2"}],"version-history":[{"count":18,"href":"https:\/\/www.apadepilepsia.es\/index.php\/wp-json\/wp\/v2\/pages\/2\/revisions"}],"predecessor-version":[{"id":492,"href":"https:\/\/www.apadepilepsia.es\/index.php\/wp-json\/wp\/v2\/pages\/2\/revisions\/492"}],"wp:attachment":[{"href":"https:\/\/www.apadepilepsia.es\/index.php\/wp-json\/wp\/v2\/media?parent=2"}],"curies":[{"name":"wp","href":"https:\/\/api.w.org\/{rel}","templated":true}]}}